t the prime factors of g(1).
1493
Let k = -3539 + 6433. List the prime factors of k.
2, 1447
Suppose -2*y - 3*r = -31, -2*r - 49 = -5*y - 0*r. Suppose -3*n + 14 = -7. Suppose -n*j + y*j - 152 = 0. What are the prime factors of j?
2, 19
Suppose -n - 3*a + 1728 = 0, 4*n - 4*a = -3*a + 6912. What are the prime factors of n?
2, 3
Suppose 4*t + k - 7 = 0, -5*t + 9*k + 15 = 4*k. Suppose -z + u + 21 = -3*u, u = t*z - 21. Let c = z - -1. List the prime factors of c.
2, 5
Let t = 11 + -9. Suppose 0 = 5*j - 7*j - 200. What are the prime factors of -3*(j/6)/t?
5
Suppose -286 = -0*o + 2*o. Let d = 272 + o. What are the prime factors of d?
3, 43
Suppose 7*n - 14 = 49. Suppose 150 = 2*h - 2*b, -5*h + b - 290 = -n*h. What are the prime factors of h?
73
Let m be (-7 - -6)/((-3)/315). Suppose -m = -5*r - d + 85, -114 = -3*r - d. List the prime factors of r.
2, 19
List the prime factors of (0 + -219)*(-9)/(27/4).
2, 73
Suppose -1494 = -3*u + 3*m, 220 - 693 = -u - 4*m. List the prime factors of u.
17, 29
What are the prime factors of (-5 - (7 + -11))*-41?
41
Suppose 2 = -2*w, 3*w = 7*m - 4*m - 1164. List the prime factors of m.
3, 43
Suppose 0 = -3*x + 3*v + 1332, -x + 4*v = -4*x + 1304. List the prime factors of x.
2, 5, 11
Suppose 3*k + 65 = -4*a, -5*a - 3*k - 30 = 52. Let f = a + -89. Let c = -67 - f. List the prime factors of c.
3, 13
Suppose -20*i + 24346 = 7386. What are the prime factors of i?
2, 53
Let v(k) = -116*k**3 - 5*k**2 - 16*k - 15. List the prime factors of v(-2).
5, 37
Let k(j) = j**3 - 32*j**2 + 69*j - 11. What are the prime factors of k(31)?
3, 389
Suppose 5*k - 924 = 2*c, -4*c = -6*c - 4. What are the prime factors of k?
2, 23
What are the prime factors of (-6 + 906)/(-12)*(-86)/2?
3, 5, 43
Suppose 4*k - 1066 = -5*q, q - 2*q + 4*k = -194. Suppose 8*r = 3*r - q. Let x = -20 - r. What are the prime factors of x?
2, 11
Let x(p) = -p**3 - 7*p**2 + 1. Let f be x(-7). Let l = f - 6. List the prime factors of (l + 7)*(1 + 10).
2, 11
Let j(t) = -29*t + 102. List the prime factors of j(-17).
5, 7, 17
Suppose -3*t = 2*h - h + 8, -3*h = -4*t - 15. Suppose 3*m - 5*m = -4*c - 178, c = -h. What are the prime factors of m?
3, 29
List the prime factors of 1307 + 1*(8 + -1).
2, 3, 73
Let o be (-1 + -3 + 7)/(-1). Let s = 149 + o. Let k = -72 + s. What are the prime factors of k?
2, 37
List the prime factors of 33/(7 + 2952/(-423)).
3, 11, 47
Suppose -4*c - 3*w = -0*c - 1136, c - 284 = -4*w. List the prime factors of c.
2, 71
Let d(s) = 8*s - 1. Let g be d(3). Let r = 3 + g. List the prime factors of r.
2, 13
What are the prime factors of ((-24)/16)/(3/8) - -247?
3
Suppose -424 = -22*w + 1116. List the prime factors of w.
2, 5, 7
Let t(g) = 321*g**2 + 7*g - 6. Let j be t(1). Suppose 2*y = -2*n + j, -7*y - n + 641 = -3*y. List the prime factors of y.
2, 5
Let m(d) = 82*d + 58. List the prime factors of m(6).
2, 5, 11
Let d(g) = -6*g + 2. Let s(n) = 6*n - 1. Let r(b) = 2*d(b) + 3*s(b). Let m be (-3)/(-4)*(192/18)/2. What are the prime factors of r(m)?
5
List the prime factors of ((-592)/5)/(28/(-70)).
2, 37
Let l = 19 + -2. Suppose 0 = r - l. What are the prime factors of r?
17
Let o(r) = 12*r**3 + 2*r**2 - 3*r + 2. Let y be o(2). Suppose 4*h - 6*h = -3*l - y, 0 = 2*h - 2*l - 102. List the prime factors of h.
53
Let i be (-12)/10*(-920)/12. Let a = 46 + -56. Let n = a + i. List the prime factors of n.
2, 41
Let j be (-1)/4*(4 - 272). Let g = j - 56. What are the prime factors of g?
11
Let d = 99 - 102. What are the prime factors of -2 + d + 2 + (-616)/(-4)?
151
Suppose 46*u - 14093 = 32873. What are the prime factors of u?
1021
What are the prime factors of 439 + 6/12*-2?
2, 3, 73
Let t = -2858 - -4493. List the prime factors of t.
3, 5, 109
Suppose 3*o + o = -3*n - 1, o + 13 = -5*n. Suppose o*k - 4*a + 60 = 3*k, 5*k + 3*a - 232 = 0. What are the prime factors of k?
2, 11
Suppose -5*j + 3*j + 3*x = -12, 0 = 2*j - 4*x - 16. Let a be -1*-11*(-4 - j). List the prime factors of (-50)/(-6) - a/66.
3
Suppose 0 = u - z - 7, 0*u - 3*z = -2*u + 19. Let r(n) = -2*n**3 - 4 - 3 - 2*n - 5*n**u + 4. What are the prime factors of r(-4)?
53
Let u be 0/(3 + 2) + 72. Let m be ((-2)/3)/((-4)/102). Suppose -y + t = -m - 1, 4*y = -3*t + u. List the prime factors of y.
2, 3
Suppose -316*k - 3657 = -317*k. List the prime factors of k.
3, 23, 53
Suppose -p + 2 = 3*f, 2*f - 5*p - 16 = 4*f. Suppose 8*g - 3*g + 2*l = 381, f*g - 2*l = 144. Let b = g + -37. What are the prime factors of b?
2, 19
Suppose 4*k = -n + 1750, -5605 = -4*n - 5*k + 1417. What are the prime factors of n?
2, 3, 293
Let q(h) = h**2 - 15*h - 9. Let k be q(15). Let t(v) = -v**3 - 8*v**2 + 6*v + 10. What are the prime factors of t(k)?
37
Let d(z) = -3*z + 9. Let b be d(5). What are the prime factors of (116/b)/((-4)/12)?
2, 29
Suppose 122*r + 6300 = 127*r. What are the prime factors of r?
2, 3, 5, 7
Suppose 762 + 438 = 12*v. List the prime factors of v.
2, 5
Suppose -3*x = 4*j - 1173, 4*j = -3*x + 6*j + 1173. List the prime factors of x.
17, 23
Let z(p) be the first derivative of 5*p**2 - 22*p - 18. List the prime factors of z(10).
2, 3, 13
Suppose 0 = -0*k + 81*k - 83592. List the prime factors of k.
2, 3, 43
Let a(j) = -65*j**3 - j**2 - 18*j - 18. List the prime factors of a(-1).
2
Suppose g - 184 = -0*y + 3*y, g - 224 = -5*y. Suppose g = 2*i + 15. What are the prime factors of i?
2, 23
What are the prime factors of 727 + (7 + 1)*(-24 - -23)?
719
Let y = 3536 + -1383. What are the prime factors of y?
2153
Let g(w) = w**2 - 17*w - 38. List the prime factors of g(-16).
2, 5, 7
What are the prime factors of 64040/160 + 2/(-8)?
2, 5
Suppose 2*n + 4*p - 1718 = 0, -3*n - 6*p + 2595 = -9*p. What are the prime factors of n?
863
Let n(f) = 3*f**3 - 2*f**2 - 4*f - 47. List the prime factors of n(7).
2, 107
Let i(l) be the second derivative of l**5/20 + 7*l**4/12 + 5*l**3/6 + 3*l**2 + 2*l. Let p be i(-6). Let z = p + 2. List the prime factors of z.
2, 7
Let c = 11 - 9. Let y be ((-12)/(-9))/(c/(-3)). What are the prime factors of (-1)/(((-2)/(-21))/y)?
3, 7
Suppose 2*l = -o - 3*o + 364, -4*l + 360 = 4*o. Suppose -3 = -5*m + o. List the prime factors of m.
19
Suppose 188*c - 55 = 183*c. What are the prime factors of c?
11
List the prime factors of ((-1873)/5 - 1)/(16/(-40)).
3, 313
Suppose f = 5*d - 2238 - 7449, -d + 4*f = -1945. List the prime factors of d.
13, 149
Let t(f) be the first derivative of 2*f**3 + 3*f**2/2 - 4*f + 1. Let p be t(5). Suppose -2*x = 63 - p. What are the prime factors of x?
7
Let k = 12494 + -8755. List the prime factors of k.
3739
Suppose -2*h - 21 = -5*p - 0*h, h = -p + 7. Let l(x) = x**2 - 6*x. Let j be l(p). List the prime factors of (-62)/j - 4/10.
2, 3
Let b(o) be the third derivative of 3*o**4/8 - o**3/6 - 3*o**2. Let n be b(3). Suppose 0 = f + 2*p - 13, -2*f + n = -0*f + p. What are the prime factors of f?
13
Suppose -y + 1 = j - 2*y, 0 = 2*j + 3*y + 3. Suppose j = -5*r - 13 + 53. What are the prime factors of ((-52)/(-6))/(r/24)?
2, 13
Let o = -10 + 13. Let m be 12*(-3)/(-27)*o. List the prime factors of (14/8)/(1/m).
7
Let l be 0 + 2 + 6 + 0 - 4. Suppose l*g + 5*z = 252, z - 120 = -5*g + 3*g. What are the prime factors of g?
2, 29
Let o = -14 - -18. Let w be (2 - (o + 2)) + 7. Suppose 0 = -k + 14 + w. What are the prime factors of k?
17
Let i be ((-16)/12)/((-5)/15). Let u(w) = 5*w + 3. What are the prime factors of u(i)?
23
Suppose 85 = 6*c - c + 5*q, 4*q = 3*c - 65. Suppose -c = -4*m - 3. List the prime factors of 175/14 + 2/m.
13
Suppose z + 2297 = 34*l - 31*l, -l + 771 = 5*z. List the prime factors of l.
2, 383
Let x be 5 + -1 + (10 - 10). What are the prime factors of ((-8)/10)/(x/(-270))?
2, 3
Let v(j) = -2*j**2 - j + 4. Let f be v(-2). Let n = f - -10. List the prime factors of n.
2
What are the prime factors of 11*(-74)/(-8) + (-30)/(-24)?
103
Let s(w) = -w**3 + 11*w**2 + 12*w + 7. Let r be s(12). Let l(v) = 3*v**2 - 4*v - 17. List the prime factors of l(r).
2, 3, 17
Let g = -413 + 492. List the prime factors of g.
79
Let k(a) = 3*a**2 - 49*a + 44. List the prime factors of k(19).
2, 7
Let k = 3 - 11. Let j be (k/5)/((-4)/40). Let s = 52 - j. List the prime factors of s.
2, 3
Let g be (-4)/(-18) - 145/45. Let t(m) = m**3 + 3*m**2 - 2*m - 1. Let d be t(g). List the prime factors of d